{"id":42679,"date":"2025-03-12T09:37:26","date_gmt":"2025-03-12T08:37:26","guid":{"rendered":"https:\/\/www.anchor.eu\/?post_type=jobs&#038;p=42679"},"modified":"2026-08-14T13:04:44","modified_gmt":"2026-08-14T11:04:44","slug":"rechtsanwalt-w-m-d-fuer-den-bereich-arbeitsrecht","status":"publish","type":"jobs","link":"https:\/\/www.anchor.eu\/en\/jobs\/rechtsanwalt-w-m-d-fuer-den-bereich-arbeitsrecht\/","title":{"rendered":"Rechtsanwalt \/ Senior Associate (w\/m\/d) Arbeitsrecht"},"content":{"rendered":"<div class=\"wp-block-buttons is-content-justification-center is-layout-flex wp-container-core-buttons-is-layout-1 wp-block-buttons-is-layout-flex\">\n<div class=\"wp-block-button is-style-fill\"><a href=\"https:\/\/anchor-karriere.factorialhr.de\/job_posting\/237806\" class=\"wp-block-button__link has-text-align-center wp-element-button\" target=\"_blank\">Apply now!<\/a><\/div><\/div><p>Zur Verst\u00e4rkung unseres Teams suchen wir an unseren Standorten<strong> Augsburg, D\u00fcsseldorf, Hannover, Mannheim. M\u00fcnchen oder Ulm <\/strong>einen<\/p>\n<p><strong>Rechtsanwalt \/ Juristen (w\/m\/d)<\/strong><\/p>\n<p>f\u00fcr den Bereich Insolvenz- und Sanierungsarbeitsrecht.<\/p>\n<\/p>\n<p><strong>Das erwartet Sie bei uns<\/strong><\/p>\n<ul class=\"f1-bullet-list\">\n<li>\n<p>Arbeitsrechtliche Begleitung von Insolvenzverfahren, krisennahen Sanierungen, Restrukturierungen und M&amp;A-Prozessen<\/p>\n<\/li>\n<li>\n<p>Beratung von Unternehmen in individual- und kollektivarbeitsrechtlichen Fragestellungen<\/p>\n<\/li>\n<li>\n<p>Verhandlungen von Interessenausgleichen und Sozialpl\u00e4nen sowie Prozessf\u00fchrung in arbeitsgerichtlichen Verfahren<\/p>\n<\/li>\n<li>\n<p>Betreuung nationaler und internationaler Mandanten an der Schnittstelle von Arbeitsrecht und Insolvenzrecht<\/p>\n<\/li>\n<li>\n<p>Kontinuierlicher Austausch mit Mandanten und Verfahrensbeteiligten<br \/>\u00a0<\/p>\n<\/li>\n<\/ul>\n<p><strong>Das bringen Sie mit<\/strong><\/p>\n<ul class=\"f1-bullet-list\">\n<li>\n<p>\u00dcberdurchschnittliche juristische Qualifikation mit mindestens befriedigenden Staatsexamina<\/p>\n<\/li>\n<li>\n<p>Mindestens 3 Jahre einschl\u00e4gige Berufserfahrung im Arbeitsrecht &#8211; mit Erfahrung in der Beratung von Unternehmen zu individual- und kollektivarbeitsrechtlichen Fragestellungen<\/p>\n<\/li>\n<li>\n<p>Ausgepr\u00e4gtes wirtschaftliches Verst\u00e4ndnis und strategisches Denken<\/p>\n<\/li>\n<li>\n<p>Souver\u00e4nes Auftreten in Beratung, Verhandlung und Prozessf\u00fchrung sowie routinierter Umgang mit digitalen Arbeitsprozessen<\/p>\n<\/li>\n<li>\n<p>Ausgepr\u00e4gter Teamgeist und Freude an der Zusammenarbeit in interdisziplin\u00e4ren Teams<\/p>\n<\/li>\n<li>\n<p>Sehr gute Englischkenntnisse<\/p>\n<\/li>\n<\/ul>\n<p><strong>Darauf k\u00f6nnen Sie sich freuen<\/strong><\/p>\n<ul class=\"f1-bullet-list\">\n<li>\n<p>Eine unbefristete Festanstellung in einer etablierten Kanzlei<\/p>\n<\/li>\n<li>\n<p>Eine strukturierte Einarbeitung und feste Ansprechpartner<\/p>\n<\/li>\n<li>\n<p>Eine leistungsgerechte Verg\u00fctung, abh\u00e4ngig von Qualifikation und Erfahrung<\/p>\n<\/li>\n<li>\n<p>Interne Trainings durch unsere Anchor-Akademie und externe Weiterbildungen<\/p>\n<\/li>\n<li>\n<p>30 Tage Urlaub, Heiligabend und Silvester sind arbeitsfreie Tage<\/p>\n<\/li>\n<li>\n<p>Flexible Arbeitszeiten und die M\u00f6glichkeit von Home-Office<\/p>\n<\/li>\n<li>\n<p>Moderne B\u00fcror\u00e4ume in verkehrsg\u00fcnstiger Lage<\/p>\n<\/li>\n<li>\n<p>Kostenfreie Getr\u00e4nke sowie Obst und kleine Snacks<\/p>\n<\/li>\n<li>\n<p>Wellpass-Mitgliedschaft (Zugang zu zahlreichen Sport-, Fitness- und Gesundheitsangeboten)<\/p>\n<\/li>\n<li>\n<p>Regelm\u00e4\u00dfige standort\u00fcbergreifende Firmenevents<\/p>\n<\/li>\n<li>\n<p>Attraktive Mitarbeiterangebote bei zahlreichen Partnerunternehmen<\/p>\n<\/li>\n<li>\n<p>M\u00f6glichkeit eines Sabbaticals<\/p>\n<\/li>\n<\/ul>\n<p>\u00a0<\/p>\n<p><strong>Haben wir Ihr Interesse geweckt?<\/strong><br \/>Dann freuen wir uns auf Ihre vollst\u00e4ndige Bewerbung \u00fcber unsere Karriereseite.<\/p>\n<\/p>\n<p><em>Wir sch\u00e4tzen Vielfalt und freuen uns auf Bewerbungen unabh\u00e4ngig von Geschlecht, Alter, Herkunft oder Behinderung.<\/em><\/p>\n<div class=\"wp-block-buttons is-content-justification-center is-layout-flex wp-container-core-buttons-is-layout-1 wp-block-buttons-is-layout-flex\">\n<div class=\"wp-block-button is-style-fill\"><a href=\"https:\/\/anchor-karriere.factorialhr.de\/job_posting\/237806\" class=\"wp-block-button__link has-text-align-center wp-element-button\" target=\"_blank\">Apply now!<\/a><\/div><\/div>","protected":false},"featured_media":0,"template":"","function":[27],"location":[173],"employment":[95],"class_list":["post-42679","jobs","type-jobs","status-publish","hentry","function-rechtsanwaelte","location-mehrere-standorte","employment-karriere"],"acf":[],"yoast_head":"<!-- This site is optimized with the Yoast SEO plugin v28.1 - https:\/\/yoast.com\/product\/yoast-seo-wordpress\/ -->\n<title>Rechtsanwalt \/ Senior Associate (w\/m\/d) Arbeitsrecht - Anchor<\/title>\n<meta name=\"robots\" content=\"index, follow, max-snippet:-1, max-image-preview:large, max-video-preview:-1\" \/>\n<link rel=\"canonical\" href=\"https:\/\/www.anchor.eu\/en\/jobs\/rechtsanwalt-w-m-d-fuer-den-bereich-arbeitsrecht\/\" \/>\n<meta property=\"og:locale\" content=\"en_GB\" \/>\n<meta property=\"og:type\" content=\"article\" \/>\n<meta property=\"og:title\" content=\"Rechtsanwalt \/ Senior Associate (w\/m\/d) Arbeitsrecht - Anchor\" \/>\n<meta property=\"og:url\" content=\"https:\/\/www.anchor.eu\/en\/jobs\/rechtsanwalt-w-m-d-fuer-den-bereich-arbeitsrecht\/\" \/>\n<meta property=\"og:site_name\" content=\"Anchor\" \/>\n<meta property=\"article:modified_time\" content=\"2026-08-14T11:04:44+00:00\" \/>\n<meta name=\"twitter:card\" content=\"summary_large_image\" \/>\n<meta name=\"twitter:label1\" content=\"Est. reading time\" \/>\n\t<meta name=\"twitter:data1\" content=\"1 minute\" \/>\n<script type=\"application\/ld+json\" class=\"yoast-schema-graph\">{\"@context\":\"https:\\\/\\\/schema.org\",\"@graph\":[{\"@type\":\"WebPage\",\"@id\":\"https:\\\/\\\/www.anchor.eu\\\/en\\\/jobs\\\/rechtsanwalt-w-m-d-fuer-den-bereich-arbeitsrecht\\\/\",\"url\":\"https:\\\/\\\/www.anchor.eu\\\/en\\\/jobs\\\/rechtsanwalt-w-m-d-fuer-den-bereich-arbeitsrecht\\\/\",\"name\":\"Rechtsanwalt \\\/ Senior Associate (w\\\/m\\\/d) Arbeitsrecht - Anchor\",\"isPartOf\":{\"@id\":\"https:\\\/\\\/www.anchor.eu\\\/en\\\/#website\"},\"datePublished\":\"2025-03-12T08:37:26+00:00\",\"dateModified\":\"2026-08-14T11:04:44+00:00\",\"breadcrumb\":{\"@id\":\"https:\\\/\\\/www.anchor.eu\\\/en\\\/jobs\\\/rechtsanwalt-w-m-d-fuer-den-bereich-arbeitsrecht\\\/#breadcrumb\"},\"inLanguage\":\"en-GB\",\"potentialAction\":[{\"@type\":\"ReadAction\",\"target\":[\"https:\\\/\\\/www.anchor.eu\\\/en\\\/jobs\\\/rechtsanwalt-w-m-d-fuer-den-bereich-arbeitsrecht\\\/\"]}]},{\"@type\":\"BreadcrumbList\",\"@id\":\"https:\\\/\\\/www.anchor.eu\\\/en\\\/jobs\\\/rechtsanwalt-w-m-d-fuer-den-bereich-arbeitsrecht\\\/#breadcrumb\",\"itemListElement\":[{\"@type\":\"ListItem\",\"position\":1,\"name\":\"Home\",\"item\":\"https:\\\/\\\/www.anchor.eu\\\/en\\\/\"},{\"@type\":\"ListItem\",\"position\":2,\"name\":\"Jobs\",\"item\":\"https:\\\/\\\/www.anchor.eu\\\/en\\\/jobs\\\/\"},{\"@type\":\"ListItem\",\"position\":3,\"name\":\"Rechtsanwalt \\\/ Senior Associate (w\\\/m\\\/d) Arbeitsrecht\"}]},{\"@type\":\"WebSite\",\"@id\":\"https:\\\/\\\/www.anchor.eu\\\/en\\\/#website\",\"url\":\"https:\\\/\\\/www.anchor.eu\\\/en\\\/\",\"name\":\"Anchor\",\"description\":\"Avoid Crises \u2013 Overcome Crises.\",\"potentialAction\":[{\"@type\":\"SearchAction\",\"target\":{\"@type\":\"EntryPoint\",\"urlTemplate\":\"https:\\\/\\\/www.anchor.eu\\\/en\\\/?s={search_term_string}\"},\"query-input\":{\"@type\":\"PropertyValueSpecification\",\"valueRequired\":true,\"valueName\":\"search_term_string\"}}],\"inLanguage\":\"en-GB\"}]}<\/script>\n<!-- \/ Yoast SEO plugin. -->","yoast_head_json":{"title":"Rechtsanwalt \/ Senior Associate (w\/m\/d) Arbeitsrecht - Anchor","robots":{"index":"index","follow":"follow","max-snippet":"max-snippet:-1","max-image-preview":"max-image-preview:large","max-video-preview":"max-video-preview:-1"},"canonical":"https:\/\/www.anchor.eu\/en\/jobs\/rechtsanwalt-w-m-d-fuer-den-bereich-arbeitsrecht\/","og_locale":"en_GB","og_type":"article","og_title":"Rechtsanwalt \/ Senior Associate (w\/m\/d) Arbeitsrecht - Anchor","og_url":"https:\/\/www.anchor.eu\/en\/jobs\/rechtsanwalt-w-m-d-fuer-den-bereich-arbeitsrecht\/","og_site_name":"Anchor","article_modified_time":"2026-08-14T11:04:44+00:00","twitter_card":"summary_large_image","twitter_misc":{"Est. reading time":"1 minute"},"schema":{"@context":"https:\/\/schema.org","@graph":[{"@type":"WebPage","@id":"https:\/\/www.anchor.eu\/en\/jobs\/rechtsanwalt-w-m-d-fuer-den-bereich-arbeitsrecht\/","url":"https:\/\/www.anchor.eu\/en\/jobs\/rechtsanwalt-w-m-d-fuer-den-bereich-arbeitsrecht\/","name":"Rechtsanwalt \/ Senior Associate (w\/m\/d) Arbeitsrecht - Anchor","isPartOf":{"@id":"https:\/\/www.anchor.eu\/en\/#website"},"datePublished":"2025-03-12T08:37:26+00:00","dateModified":"2026-08-14T11:04:44+00:00","breadcrumb":{"@id":"https:\/\/www.anchor.eu\/en\/jobs\/rechtsanwalt-w-m-d-fuer-den-bereich-arbeitsrecht\/#breadcrumb"},"inLanguage":"en-GB","potentialAction":[{"@type":"ReadAction","target":["https:\/\/www.anchor.eu\/en\/jobs\/rechtsanwalt-w-m-d-fuer-den-bereich-arbeitsrecht\/"]}]},{"@type":"BreadcrumbList","@id":"https:\/\/www.anchor.eu\/en\/jobs\/rechtsanwalt-w-m-d-fuer-den-bereich-arbeitsrecht\/#breadcrumb","itemListElement":[{"@type":"ListItem","position":1,"name":"Home","item":"https:\/\/www.anchor.eu\/en\/"},{"@type":"ListItem","position":2,"name":"Jobs","item":"https:\/\/www.anchor.eu\/en\/jobs\/"},{"@type":"ListItem","position":3,"name":"Rechtsanwalt \/ Senior Associate (w\/m\/d) Arbeitsrecht"}]},{"@type":"WebSite","@id":"https:\/\/www.anchor.eu\/en\/#website","url":"https:\/\/www.anchor.eu\/en\/","name":"Anchor","description":"Avoid Crises \u2013 Overcome Crises.","potentialAction":[{"@type":"SearchAction","target":{"@type":"EntryPoint","urlTemplate":"https:\/\/www.anchor.eu\/en\/?s={search_term_string}"},"query-input":{"@type":"PropertyValueSpecification","valueRequired":true,"valueName":"search_term_string"}}],"inLanguage":"en-GB"}]}},"_links":{"self":[{"href":"https:\/\/www.anchor.eu\/en\/wp-json\/wp\/v2\/jobs\/42679","targetHints":{"allow":["GET"]}}],"collection":[{"href":"https:\/\/www.anchor.eu\/en\/wp-json\/wp\/v2\/jobs"}],"about":[{"href":"https:\/\/www.anchor.eu\/en\/wp-json\/wp\/v2\/types\/jobs"}],"version-history":[{"count":21,"href":"https:\/\/www.anchor.eu\/en\/wp-json\/wp\/v2\/jobs\/42679\/revisions"}],"predecessor-version":[{"id":55664,"href":"https:\/\/www.anchor.eu\/en\/wp-json\/wp\/v2\/jobs\/42679\/revisions\/55664"}],"wp:attachment":[{"href":"https:\/\/www.anchor.eu\/en\/wp-json\/wp\/v2\/media?parent=42679"}],"wp:term":[{"taxonomy":"function","embeddable":true,"href":"https:\/\/www.anchor.eu\/en\/wp-json\/wp\/v2\/function?post=42679"},{"taxonomy":"location","embeddable":true,"href":"https:\/\/www.anchor.eu\/en\/wp-json\/wp\/v2\/location?post=42679"},{"taxonomy":"employment","embeddable":true,"href":"https:\/\/www.anchor.eu\/en\/wp-json\/wp\/v2\/employment?post=42679"}],"curies":[{"name":"wp","href":"https:\/\/api.w.org\/{rel}","templated":true}]}}

<div class="wp-block-buttons is-content-justification-center is-layout-flex wp-container-core-buttons-is-layout-1 wp-block-buttons-is-layout-flex">
<div class="wp-block-button is-style-fill"><a href="https://anchor-karriere.factorialhr.de/job_posting/237806" class="wp-block-button__link has-text-align-center wp-element-button" target="_blank">Apply now!</a></div></div><p>Zur Verstärkung unseres Teams suchen wir an unseren Standorten<strong> Augsburg, Düsseldorf, Hannover, Mannheim. München oder Ulm </strong>einen</p>
<p><strong>Rechtsanwalt / Juristen (w/m/d)</strong></p>
<p>für den Bereich Insolvenz- und Sanierungsarbeitsrecht.</p>
</p>
<p><strong>Das erwartet Sie bei uns</strong></p>
<ul class="f1-bullet-list">
<li>
<p>Arbeitsrechtliche Begleitung von Insolvenzverfahren, krisennahen Sanierungen, Restrukturierungen und M&amp;A-Prozessen</p>
</li>
<li>
<p>Beratung von Unternehmen in individual- und kollektivarbeitsrechtlichen Fragestellungen</p>
</li>
<li>
<p>Verhandlungen von Interessenausgleichen und Sozialplänen sowie Prozessführung in arbeitsgerichtlichen Verfahren</p>
</li>
<li>
<p>Betreuung nationaler und internationaler Mandanten an der Schnittstelle von Arbeitsrecht und Insolvenzrecht</p>
</li>
<li>
<p>Kontinuierlicher Austausch mit Mandanten und Verfahrensbeteiligten<br /> </p>
</li>
</ul>
<p><strong>Das bringen Sie mit</strong></p>
<ul class="f1-bullet-list">
<li>
<p>Überdurchschnittliche juristische Qualifikation mit mindestens befriedigenden Staatsexamina</p>
</li>
<li>
<p>Mindestens 3 Jahre einschlägige Berufserfahrung im Arbeitsrecht &#8211; mit Erfahrung in der Beratung von Unternehmen zu individual- und kollektivarbeitsrechtlichen Fragestellungen</p>
</li>
<li>
<p>Ausgeprägtes wirtschaftliches Verständnis und strategisches Denken</p>
</li>
<li>
<p>Souveränes Auftreten in Beratung, Verhandlung und Prozessführung sowie routinierter Umgang mit digitalen Arbeitsprozessen</p>
</li>
<li>
<p>Ausgeprägter Teamgeist und Freude an der Zusammenarbeit in interdisziplinären Teams</p>
</li>
<li>
<p>Sehr gute Englischkenntnisse</p>
</li>
</ul>
<p><strong>Darauf können Sie sich freuen</strong></p>
<ul class="f1-bullet-list">
<li>
<p>Eine unbefristete Festanstellung in einer etablierten Kanzlei</p>
</li>
<li>
<p>Eine strukturierte Einarbeitung und feste Ansprechpartner</p>
</li>
<li>
<p>Eine leistungsgerechte Vergütung, abhängig von Qualifikation und Erfahrung</p>
</li>
<li>
<p>Interne Trainings durch unsere Anchor-Akademie und externe Weiterbildungen</p>
</li>
<li>
<p>30 Tage Urlaub, Heiligabend und Silvester sind arbeitsfreie Tage</p>
</li>
<li>
<p>Flexible Arbeitszeiten und die Möglichkeit von Home-Office</p>
</li>
<li>
<p>Moderne Büroräume in verkehrsgünstiger Lage</p>
</li>
<li>
<p>Kostenfreie Getränke sowie Obst und kleine Snacks</p>
</li>
<li>
<p>Wellpass-Mitgliedschaft (Zugang zu zahlreichen Sport-, Fitness- und Gesundheitsangeboten)</p>
</li>
<li>
<p>Regelmäßige standortübergreifende Firmenevents</p>
</li>
<li>
<p>Attraktive Mitarbeiterangebote bei zahlreichen Partnerunternehmen</p>
</li>
<li>
<p>Möglichkeit eines Sabbaticals</p>
</li>
</ul>
<p> </p>
<p><strong>Haben wir Ihr Interesse geweckt?</strong><br />Dann freuen wir uns auf Ihre vollständige Bewerbung über unsere Karriereseite.</p>
</p>
<p><em>Wir schätzen Vielfalt und freuen uns auf Bewerbungen unabhängig von Geschlecht, Alter, Herkunft oder Behinderung.</em></p>
<div class="wp-block-buttons is-content-justification-center is-layout-flex wp-container-core-buttons-is-layout-1 wp-block-buttons-is-layout-flex">
<div class="wp-block-button is-style-fill"><a href="https://anchor-karriere.factorialhr.de/job_posting/237806" class="wp-block-button__link has-text-align-center wp-element-button" target="_blank">Apply now!</a></div></div>
